{"id":1773,"date":"2015-03-30T18:26:49","date_gmt":"2015-03-30T18:26:49","guid":{"rendered":"http:\/\/www.adisart.com\/tienda\/?post_type=product&#038;p=1773"},"modified":"2021-03-04T11:56:20","modified_gmt":"2021-03-04T09:56:20","slug":"viking-sword-espada-vikinga","status":"publish","type":"product","link":"https:\/\/www.adisart.com\/tienda\/viking-sword-espada-vikinga\/","title":{"rendered":"Viking sword\/ Espada Vikinga"},"content":{"rendered":"<p><a href=\"http:\/\/www.adisart.com\/tienda\/wp-content\/uploads\/2015\/03\/con-nuevas-runas.jpg\"><img loading=\"lazy\" class=\"aligncenter size-medium wp-image-1774\" src=\"http:\/\/www.adisart.com\/tienda\/wp-content\/uploads\/2015\/03\/con-nuevas-runas-300x225.jpg\" alt=\"con nuevas runas\" width=\"300\" height=\"225\" srcset=\"https:\/\/www.adisart.com\/tienda\/wp-content\/uploads\/2015\/03\/con-nuevas-runas-300x225.jpg 300w, https:\/\/www.adisart.com\/tienda\/wp-content\/uploads\/2015\/03\/con-nuevas-runas-600x450.jpg 600w, https:\/\/www.adisart.com\/tienda\/wp-content\/uploads\/2015\/03\/con-nuevas-runas.jpg 800w\" sizes=\"(max-width: 300px) 100vw, 300px\" \/><\/a>Espada vikinga de zamak fundida a mano mediante la t\u00e9cnica de la arena. Su empu\u00f1adura est\u00e1 cubierta de lat\u00f3n trenzado. En las runas de su hoja puede leerse: \u00aby all\u00ed permanecer\u00e1 hasta el Ragnarok o fin de los tiempos\u00bb. La cita en germ\u00e1nico antiguo hace referencia a la Edda de Sonri.<\/p>\n","protected":false},"excerpt":{"rendered":"<p>Espada vikinga de fundicion de zamak. La empu\u00f1adura est\u00e1 cubierta con laton trenzado. En las runas se puede leer un texto r\u00fanico: \u00abY alli permaneci\u00f3 hasta el fin del mundo\u00bb esta escrito en germanico antiguo y pertenece a la edda de Snorri y hace referencia al Ragnarok.<\/p>\n","protected":false},"featured_media":1774,"comment_status":"open","ping_status":"closed","template":"","meta":[],"product_cat":[481],"product_tag":[558,323,322,319,318,320,321],"yoast_head":"<!-- This site is optimized with the Yoast SEO plugin v17.2.1 - https:\/\/yoast.com\/wordpress\/plugins\/seo\/ -->\n<title>Viking sword\/ Espada Vikinga - ADISART<\/title>\n<meta name=\"description\" content=\"Espada vikinga de fundicion de zamak. La empu\u00f1adura est\u00e1 cubierta con laton trenzado. En las runas se puede leer un texto r\u00fanico: &quot;Y alli permaneci\u00f3 hasta el fin del mundo&quot; esta escrito en germanico antiguo y pertenece a la edda de Snorri y hace referencia al Ragnarok.\" \/>\n<meta name=\"robots\" content=\"index, follow, max-snippet:-1, max-image-preview:large, max-video-preview:-1\" \/>\n<link rel=\"canonical\" href=\"https:\/\/www.adisart.com\/tienda\/viking-sword-espada-vikinga\/\" \/>\n<meta property=\"og:locale\" content=\"es_ES\" \/>\n<meta property=\"og:type\" content=\"article\" \/>\n<meta property=\"og:title\" content=\"Viking sword\/ Espada Vikinga - ADISART\" \/>\n<meta property=\"og:description\" content=\"Espada vikinga de fundicion de zamak. La empu\u00f1adura est\u00e1 cubierta con laton trenzado. En las runas se puede leer un texto r\u00fanico: &quot;Y alli permaneci\u00f3 hasta el fin del mundo&quot; esta escrito en germanico antiguo y pertenece a la edda de Snorri y hace referencia al Ragnarok.\" \/>\n<meta property=\"og:url\" content=\"https:\/\/www.adisart.com\/tienda\/viking-sword-espada-vikinga\/\" \/>\n<meta property=\"og:site_name\" content=\"ADISART\" \/>\n<meta property=\"article:modified_time\" content=\"2021-03-04T09:56:20+00:00\" \/>\n<meta property=\"og:image\" content=\"https:\/\/www.adisart.com\/tienda\/wp-content\/uploads\/2015\/03\/con-nuevas-runas.jpg\" \/>\n\t<meta property=\"og:image:width\" content=\"800\" \/>\n\t<meta property=\"og:image:height\" content=\"600\" \/>\n<meta name=\"twitter:card\" content=\"summary\" \/>\n<script type=\"application\/ld+json\" class=\"yoast-schema-graph\">{\"@context\":\"https:\/\/schema.org\",\"@graph\":[{\"@type\":\"WebSite\",\"@id\":\"https:\/\/www.adisart.com\/tienda\/#website\",\"url\":\"https:\/\/www.adisart.com\/tienda\/\",\"name\":\"ADISART\",\"description\":\"Creaciones art\\u00edsticas\",\"potentialAction\":[{\"@type\":\"SearchAction\",\"target\":{\"@type\":\"EntryPoint\",\"urlTemplate\":\"https:\/\/www.adisart.com\/tienda\/?s={search_term_string}\"},\"query-input\":\"required name=search_term_string\"}],\"inLanguage\":\"es\"},{\"@type\":\"ImageObject\",\"@id\":\"https:\/\/www.adisart.com\/tienda\/viking-sword-espada-vikinga\/#primaryimage\",\"inLanguage\":\"es\",\"url\":\"https:\/\/www.adisart.com\/tienda\/wp-content\/uploads\/2015\/03\/con-nuevas-runas.jpg\",\"contentUrl\":\"https:\/\/www.adisart.com\/tienda\/wp-content\/uploads\/2015\/03\/con-nuevas-runas.jpg\",\"width\":800,\"height\":600},{\"@type\":\"WebPage\",\"@id\":\"https:\/\/www.adisart.com\/tienda\/viking-sword-espada-vikinga\/#webpage\",\"url\":\"https:\/\/www.adisart.com\/tienda\/viking-sword-espada-vikinga\/\",\"name\":\"Viking sword\/ Espada Vikinga - ADISART\",\"isPartOf\":{\"@id\":\"https:\/\/www.adisart.com\/tienda\/#website\"},\"primaryImageOfPage\":{\"@id\":\"https:\/\/www.adisart.com\/tienda\/viking-sword-espada-vikinga\/#primaryimage\"},\"datePublished\":\"2015-03-30T18:26:49+00:00\",\"dateModified\":\"2021-03-04T09:56:20+00:00\",\"description\":\"Espada vikinga de fundicion de zamak. La empu\\u00f1adura est\\u00e1 cubierta con laton trenzado. En las runas se puede leer un texto r\\u00fanico: \\\"Y alli permaneci\\u00f3 hasta el fin del mundo\\\" esta escrito en germanico antiguo y pertenece a la edda de Snorri y hace referencia al Ragnarok.\",\"breadcrumb\":{\"@id\":\"https:\/\/www.adisart.com\/tienda\/viking-sword-espada-vikinga\/#breadcrumb\"},\"inLanguage\":\"es\",\"potentialAction\":[{\"@type\":\"ReadAction\",\"target\":[\"https:\/\/www.adisart.com\/tienda\/viking-sword-espada-vikinga\/\"]}]},{\"@type\":\"BreadcrumbList\",\"@id\":\"https:\/\/www.adisart.com\/tienda\/viking-sword-espada-vikinga\/#breadcrumb\",\"itemListElement\":[{\"@type\":\"ListItem\",\"position\":1,\"name\":\"Inicio\",\"item\":\"https:\/\/www.adisart.com\/tienda\/\"},{\"@type\":\"ListItem\",\"position\":2,\"name\":\"Tienda\",\"item\":\"https:\/\/www.adisart.com\/tienda\/\"},{\"@type\":\"ListItem\",\"position\":3,\"name\":\"Viking sword\/ Espada Vikinga\"}]}]}<\/script>\n<!-- \/ Yoast SEO plugin. -->","yoast_head_json":{"title":"Viking sword\/ Espada Vikinga - ADISART","description":"Espada vikinga de fundicion de zamak. La empu\u00f1adura est\u00e1 cubierta con laton trenzado. En las runas se puede leer un texto r\u00fanico: \"Y alli permaneci\u00f3 hasta el fin del mundo\" esta escrito en germanico antiguo y pertenece a la edda de Snorri y hace referencia al Ragnarok.","robots":{"index":"index","follow":"follow","max-snippet":"max-snippet:-1","max-image-preview":"max-image-preview:large","max-video-preview":"max-video-preview:-1"},"canonical":"https:\/\/www.adisart.com\/tienda\/viking-sword-espada-vikinga\/","og_locale":"es_ES","og_type":"article","og_title":"Viking sword\/ Espada Vikinga - ADISART","og_description":"Espada vikinga de fundicion de zamak. La empu\u00f1adura est\u00e1 cubierta con laton trenzado. En las runas se puede leer un texto r\u00fanico: \"Y alli permaneci\u00f3 hasta el fin del mundo\" esta escrito en germanico antiguo y pertenece a la edda de Snorri y hace referencia al Ragnarok.","og_url":"https:\/\/www.adisart.com\/tienda\/viking-sword-espada-vikinga\/","og_site_name":"ADISART","article_modified_time":"2021-03-04T09:56:20+00:00","og_image":[{"width":800,"height":600,"url":"https:\/\/www.adisart.com\/tienda\/wp-content\/uploads\/2015\/03\/con-nuevas-runas.jpg","path":"\/home\/adisart.com\/public_html\/tienda\/wp-content\/uploads\/2015\/03\/con-nuevas-runas.jpg","size":"full","id":1774,"alt":"","pixels":480000,"type":"image\/jpeg"}],"twitter_card":"summary","schema":{"@context":"https:\/\/schema.org","@graph":[{"@type":"WebSite","@id":"https:\/\/www.adisart.com\/tienda\/#website","url":"https:\/\/www.adisart.com\/tienda\/","name":"ADISART","description":"Creaciones art\u00edsticas","potentialAction":[{"@type":"SearchAction","target":{"@type":"EntryPoint","urlTemplate":"https:\/\/www.adisart.com\/tienda\/?s={search_term_string}"},"query-input":"required name=search_term_string"}],"inLanguage":"es"},{"@type":"ImageObject","@id":"https:\/\/www.adisart.com\/tienda\/viking-sword-espada-vikinga\/#primaryimage","inLanguage":"es","url":"https:\/\/www.adisart.com\/tienda\/wp-content\/uploads\/2015\/03\/con-nuevas-runas.jpg","contentUrl":"https:\/\/www.adisart.com\/tienda\/wp-content\/uploads\/2015\/03\/con-nuevas-runas.jpg","width":800,"height":600},{"@type":"WebPage","@id":"https:\/\/www.adisart.com\/tienda\/viking-sword-espada-vikinga\/#webpage","url":"https:\/\/www.adisart.com\/tienda\/viking-sword-espada-vikinga\/","name":"Viking sword\/ Espada Vikinga - ADISART","isPartOf":{"@id":"https:\/\/www.adisart.com\/tienda\/#website"},"primaryImageOfPage":{"@id":"https:\/\/www.adisart.com\/tienda\/viking-sword-espada-vikinga\/#primaryimage"},"datePublished":"2015-03-30T18:26:49+00:00","dateModified":"2021-03-04T09:56:20+00:00","description":"Espada vikinga de fundicion de zamak. La empu\u00f1adura est\u00e1 cubierta con laton trenzado. En las runas se puede leer un texto r\u00fanico: \"Y alli permaneci\u00f3 hasta el fin del mundo\" esta escrito en germanico antiguo y pertenece a la edda de Snorri y hace referencia al Ragnarok.","breadcrumb":{"@id":"https:\/\/www.adisart.com\/tienda\/viking-sword-espada-vikinga\/#breadcrumb"},"inLanguage":"es","potentialAction":[{"@type":"ReadAction","target":["https:\/\/www.adisart.com\/tienda\/viking-sword-espada-vikinga\/"]}]},{"@type":"BreadcrumbList","@id":"https:\/\/www.adisart.com\/tienda\/viking-sword-espada-vikinga\/#breadcrumb","itemListElement":[{"@type":"ListItem","position":1,"name":"Inicio","item":"https:\/\/www.adisart.com\/tienda\/"},{"@type":"ListItem","position":2,"name":"Tienda","item":"https:\/\/www.adisart.com\/tienda\/"},{"@type":"ListItem","position":3,"name":"Viking sword\/ Espada Vikinga"}]}]}},"_links":{"self":[{"href":"https:\/\/www.adisart.com\/tienda\/wp-json\/wp\/v2\/product\/1773"}],"collection":[{"href":"https:\/\/www.adisart.com\/tienda\/wp-json\/wp\/v2\/product"}],"about":[{"href":"https:\/\/www.adisart.com\/tienda\/wp-json\/wp\/v2\/types\/product"}],"replies":[{"embeddable":true,"href":"https:\/\/www.adisart.com\/tienda\/wp-json\/wp\/v2\/comments?post=1773"}],"wp:featuredmedia":[{"embeddable":true,"href":"https:\/\/www.adisart.com\/tienda\/wp-json\/wp\/v2\/media\/1774"}],"wp:attachment":[{"href":"https:\/\/www.adisart.com\/tienda\/wp-json\/wp\/v2\/media?parent=1773"}],"wp:term":[{"taxonomy":"product_cat","embeddable":true,"href":"https:\/\/www.adisart.com\/tienda\/wp-json\/wp\/v2\/product_cat?post=1773"},{"taxonomy":"product_tag","embeddable":true,"href":"https:\/\/www.adisart.com\/tienda\/wp-json\/wp\/v2\/product_tag?post=1773"}],"curies":[{"name":"wp","href":"https:\/\/api.w.org\/{rel}","templated":true}]}}