{"id":1878,"date":"2015-08-25T17:51:07","date_gmt":"2015-08-25T15:51:07","guid":{"rendered":"http:\/\/www.adisart.com\/tienda\/?post_type=product&#038;p=1878"},"modified":"2021-03-04T11:53:51","modified_gmt":"2021-03-04T09:53:51","slug":"abrebotellas-mjolnir","status":"publish","type":"product","link":"https:\/\/www.adisart.com\/tienda\/abrebotellas-mjolnir\/","title":{"rendered":"Abrebotellas Mjolnir"},"content":{"rendered":"<p><a href=\"http:\/\/www.adisart.com\/tienda\/wp-content\/uploads\/2015\/08\/logo-rosa.jpg\"><img loading=\"lazy\" class=\"aligncenter size-medium wp-image-1989\" src=\"http:\/\/www.adisart.com\/tienda\/wp-content\/uploads\/2015\/08\/logo-rosa-225x300.jpg\" alt=\"logo rosa\" width=\"225\" height=\"300\" srcset=\"https:\/\/www.adisart.com\/tienda\/wp-content\/uploads\/2015\/08\/logo-rosa-225x300.jpg 225w, https:\/\/www.adisart.com\/tienda\/wp-content\/uploads\/2015\/08\/logo-rosa-600x800.jpg 600w, https:\/\/www.adisart.com\/tienda\/wp-content\/uploads\/2015\/08\/logo-rosa-768x1024.jpg 768w, https:\/\/www.adisart.com\/tienda\/wp-content\/uploads\/2015\/08\/logo-rosa.jpg 1565w\" sizes=\"(max-width: 225px) 100vw, 225px\" \/><\/a><a href=\"http:\/\/www.adisart.com\/tienda\/wp-content\/uploads\/2015\/08\/abrebotellas-mjolnir.jpg\"><br \/>\n<\/a>Mjolnir Abrebotellas, ideal para abrir tus botellas de hidromiel. Est\u00e1 fundido manualmente en zamak y acero.<\/p>\n<p>Mjolnir es el martillo\u00a0del dios Thor<\/p>\n<p>Seg\u00fan las fuentes islandesas\u00a0m\u00e1s tard\u00edas, Mjolnir es descrito como una de las armas m\u00e1s temidas en la mitolog\u00eda n\u00f3rdica. En ellas se relata que es utilizado para derrotar a todos los que desaf\u00eden la supremac\u00eda de los <a title=\"\u00c6sir\" href=\"https:\/\/es.wikipedia.org\/wiki\/%C3%86sir\">\u00c6sir<\/a>. Aunque generalmente es representado y descrito como un martillo, a veces se lo menciona como un hacha o un garrote.\u00a0Uno de los mitos m\u00e1s populares sobre su origen es relatado en el \u00a0<a title=\"Sk\u00e1ldskaparm\u00e1l\" href=\"https:\/\/es.wikipedia.org\/wiki\/Sk%C3%A1ldskaparm%C3%A1l\">Sk\u00e1ldskaparm\u00e1l<\/a>, donde se menciona que los enanos \u00a0<a title=\"Sindri\" href=\"https:\/\/es.wikipedia.org\/wiki\/Sindri\">Sindri<\/a> y <a title=\"Brok\" href=\"https:\/\/es.wikipedia.org\/wiki\/Brok\">Brok<\/a> lo forjaron\u00a0y obsequiaron a Thor como parte de una apuesta que les realizara Loki.<\/p>\n<p>Mjolnir significa \u00abdemoledor\u00bb y hace referencia a la capacidad de pulverizar del martillo.<\/p>\n","protected":false},"excerpt":{"rendered":"<p>Mjolnir Abrebotellas, ideal para abrir tus botellas de hidromiel. Est\u00e1 fundido manualmente en zamak y acero. Mjolnir es el martillo\u00a0del dios Thor Seg\u00fan las fuentes islandesas\u00a0m\u00e1s tard\u00edas, Mjolnir es descrito como una de las armas m\u00e1s temidas en la mitolog\u00eda n\u00f3rdica. En ellas se relata que es utilizado para derrotar a todos los que desaf\u00eden [&hellip;]<\/p>\n","protected":false},"featured_media":1989,"comment_status":"open","ping_status":"closed","template":"","meta":[],"product_cat":[633],"product_tag":[384,385,381,383,382],"yoast_head":"<!-- This site is optimized with the Yoast SEO plugin v17.2.1 - https:\/\/yoast.com\/wordpress\/plugins\/seo\/ -->\n<title>Abrebotellas Mjolnir - ADISART<\/title>\n<meta name=\"description\" content=\"Mjolnir Abrebotellas, ideal para abrir tus botellas de hidromiel. Est\u00e1 fundido manualmente en zamak y acero. Mjolnir es el martillo\u00a0del dios Thor Seg\u00fan\" \/>\n<meta name=\"robots\" content=\"index, follow, max-snippet:-1, max-image-preview:large, max-video-preview:-1\" \/>\n<link rel=\"canonical\" href=\"https:\/\/www.adisart.com\/tienda\/abrebotellas-mjolnir\/\" \/>\n<meta property=\"og:locale\" content=\"es_ES\" \/>\n<meta property=\"og:type\" content=\"article\" \/>\n<meta property=\"og:title\" content=\"Abrebotellas Mjolnir - ADISART\" \/>\n<meta property=\"og:description\" content=\"Mjolnir Abrebotellas, ideal para abrir tus botellas de hidromiel. Est\u00e1 fundido manualmente en zamak y acero. Mjolnir es el martillo\u00a0del dios Thor Seg\u00fan\" \/>\n<meta property=\"og:url\" content=\"https:\/\/www.adisart.com\/tienda\/abrebotellas-mjolnir\/\" \/>\n<meta property=\"og:site_name\" content=\"ADISART\" \/>\n<meta property=\"article:modified_time\" content=\"2021-03-04T09:53:51+00:00\" \/>\n<meta property=\"og:image\" content=\"https:\/\/www.adisart.com\/tienda\/wp-content\/uploads\/2015\/08\/logo-rosa.jpg\" \/>\n\t<meta property=\"og:image:width\" content=\"1565\" \/>\n\t<meta property=\"og:image:height\" content=\"2087\" \/>\n<meta name=\"twitter:card\" content=\"summary\" \/>\n<meta name=\"twitter:label1\" content=\"Tiempo de lectura\" \/>\n\t<meta name=\"twitter:data1\" content=\"1 minuto\" \/>\n<script type=\"application\/ld+json\" class=\"yoast-schema-graph\">{\"@context\":\"https:\/\/schema.org\",\"@graph\":[{\"@type\":\"WebSite\",\"@id\":\"https:\/\/www.adisart.com\/tienda\/#website\",\"url\":\"https:\/\/www.adisart.com\/tienda\/\",\"name\":\"ADISART\",\"description\":\"Creaciones art\\u00edsticas\",\"potentialAction\":[{\"@type\":\"SearchAction\",\"target\":{\"@type\":\"EntryPoint\",\"urlTemplate\":\"https:\/\/www.adisart.com\/tienda\/?s={search_term_string}\"},\"query-input\":\"required name=search_term_string\"}],\"inLanguage\":\"es\"},{\"@type\":\"ImageObject\",\"@id\":\"https:\/\/www.adisart.com\/tienda\/abrebotellas-mjolnir\/#primaryimage\",\"inLanguage\":\"es\",\"url\":\"https:\/\/www.adisart.com\/tienda\/wp-content\/uploads\/2015\/08\/logo-rosa.jpg\",\"contentUrl\":\"https:\/\/www.adisart.com\/tienda\/wp-content\/uploads\/2015\/08\/logo-rosa.jpg\",\"width\":1565,\"height\":2087},{\"@type\":\"WebPage\",\"@id\":\"https:\/\/www.adisart.com\/tienda\/abrebotellas-mjolnir\/#webpage\",\"url\":\"https:\/\/www.adisart.com\/tienda\/abrebotellas-mjolnir\/\",\"name\":\"Abrebotellas Mjolnir - ADISART\",\"isPartOf\":{\"@id\":\"https:\/\/www.adisart.com\/tienda\/#website\"},\"primaryImageOfPage\":{\"@id\":\"https:\/\/www.adisart.com\/tienda\/abrebotellas-mjolnir\/#primaryimage\"},\"datePublished\":\"2015-08-25T15:51:07+00:00\",\"dateModified\":\"2021-03-04T09:53:51+00:00\",\"description\":\"Mjolnir Abrebotellas, ideal para abrir tus botellas de hidromiel. Est\\u00e1 fundido manualmente en zamak y acero. Mjolnir es el martillo\\u00a0del dios Thor Seg\\u00fan\",\"breadcrumb\":{\"@id\":\"https:\/\/www.adisart.com\/tienda\/abrebotellas-mjolnir\/#breadcrumb\"},\"inLanguage\":\"es\",\"potentialAction\":[{\"@type\":\"ReadAction\",\"target\":[\"https:\/\/www.adisart.com\/tienda\/abrebotellas-mjolnir\/\"]}]},{\"@type\":\"BreadcrumbList\",\"@id\":\"https:\/\/www.adisart.com\/tienda\/abrebotellas-mjolnir\/#breadcrumb\",\"itemListElement\":[{\"@type\":\"ListItem\",\"position\":1,\"name\":\"Inicio\",\"item\":\"https:\/\/www.adisart.com\/tienda\/\"},{\"@type\":\"ListItem\",\"position\":2,\"name\":\"Tienda\",\"item\":\"https:\/\/www.adisart.com\/tienda\/\"},{\"@type\":\"ListItem\",\"position\":3,\"name\":\"Abrebotellas Mjolnir\"}]}]}<\/script>\n<!-- \/ Yoast SEO plugin. -->","yoast_head_json":{"title":"Abrebotellas Mjolnir - ADISART","description":"Mjolnir Abrebotellas, ideal para abrir tus botellas de hidromiel. Est\u00e1 fundido manualmente en zamak y acero. Mjolnir es el martillo\u00a0del dios Thor Seg\u00fan","robots":{"index":"index","follow":"follow","max-snippet":"max-snippet:-1","max-image-preview":"max-image-preview:large","max-video-preview":"max-video-preview:-1"},"canonical":"https:\/\/www.adisart.com\/tienda\/abrebotellas-mjolnir\/","og_locale":"es_ES","og_type":"article","og_title":"Abrebotellas Mjolnir - ADISART","og_description":"Mjolnir Abrebotellas, ideal para abrir tus botellas de hidromiel. Est\u00e1 fundido manualmente en zamak y acero. Mjolnir es el martillo\u00a0del dios Thor Seg\u00fan","og_url":"https:\/\/www.adisart.com\/tienda\/abrebotellas-mjolnir\/","og_site_name":"ADISART","article_modified_time":"2021-03-04T09:53:51+00:00","og_image":[{"width":1565,"height":2087,"url":"https:\/\/www.adisart.com\/tienda\/wp-content\/uploads\/2015\/08\/logo-rosa.jpg","path":"\/home\/adisart.com\/public_html\/tienda\/wp-content\/uploads\/2015\/08\/logo-rosa.jpg","size":"full","id":1989,"alt":"","pixels":3266155,"type":"image\/jpeg"}],"twitter_card":"summary","twitter_misc":{"Tiempo de lectura":"1 minuto"},"schema":{"@context":"https:\/\/schema.org","@graph":[{"@type":"WebSite","@id":"https:\/\/www.adisart.com\/tienda\/#website","url":"https:\/\/www.adisart.com\/tienda\/","name":"ADISART","description":"Creaciones art\u00edsticas","potentialAction":[{"@type":"SearchAction","target":{"@type":"EntryPoint","urlTemplate":"https:\/\/www.adisart.com\/tienda\/?s={search_term_string}"},"query-input":"required name=search_term_string"}],"inLanguage":"es"},{"@type":"ImageObject","@id":"https:\/\/www.adisart.com\/tienda\/abrebotellas-mjolnir\/#primaryimage","inLanguage":"es","url":"https:\/\/www.adisart.com\/tienda\/wp-content\/uploads\/2015\/08\/logo-rosa.jpg","contentUrl":"https:\/\/www.adisart.com\/tienda\/wp-content\/uploads\/2015\/08\/logo-rosa.jpg","width":1565,"height":2087},{"@type":"WebPage","@id":"https:\/\/www.adisart.com\/tienda\/abrebotellas-mjolnir\/#webpage","url":"https:\/\/www.adisart.com\/tienda\/abrebotellas-mjolnir\/","name":"Abrebotellas Mjolnir - ADISART","isPartOf":{"@id":"https:\/\/www.adisart.com\/tienda\/#website"},"primaryImageOfPage":{"@id":"https:\/\/www.adisart.com\/tienda\/abrebotellas-mjolnir\/#primaryimage"},"datePublished":"2015-08-25T15:51:07+00:00","dateModified":"2021-03-04T09:53:51+00:00","description":"Mjolnir Abrebotellas, ideal para abrir tus botellas de hidromiel. Est\u00e1 fundido manualmente en zamak y acero. Mjolnir es el martillo\u00a0del dios Thor Seg\u00fan","breadcrumb":{"@id":"https:\/\/www.adisart.com\/tienda\/abrebotellas-mjolnir\/#breadcrumb"},"inLanguage":"es","potentialAction":[{"@type":"ReadAction","target":["https:\/\/www.adisart.com\/tienda\/abrebotellas-mjolnir\/"]}]},{"@type":"BreadcrumbList","@id":"https:\/\/www.adisart.com\/tienda\/abrebotellas-mjolnir\/#breadcrumb","itemListElement":[{"@type":"ListItem","position":1,"name":"Inicio","item":"https:\/\/www.adisart.com\/tienda\/"},{"@type":"ListItem","position":2,"name":"Tienda","item":"https:\/\/www.adisart.com\/tienda\/"},{"@type":"ListItem","position":3,"name":"Abrebotellas Mjolnir"}]}]}},"_links":{"self":[{"href":"https:\/\/www.adisart.com\/tienda\/wp-json\/wp\/v2\/product\/1878"}],"collection":[{"href":"https:\/\/www.adisart.com\/tienda\/wp-json\/wp\/v2\/product"}],"about":[{"href":"https:\/\/www.adisart.com\/tienda\/wp-json\/wp\/v2\/types\/product"}],"replies":[{"embeddable":true,"href":"https:\/\/www.adisart.com\/tienda\/wp-json\/wp\/v2\/comments?post=1878"}],"wp:featuredmedia":[{"embeddable":true,"href":"https:\/\/www.adisart.com\/tienda\/wp-json\/wp\/v2\/media\/1989"}],"wp:attachment":[{"href":"https:\/\/www.adisart.com\/tienda\/wp-json\/wp\/v2\/media?parent=1878"}],"wp:term":[{"taxonomy":"product_cat","embeddable":true,"href":"https:\/\/www.adisart.com\/tienda\/wp-json\/wp\/v2\/product_cat?post=1878"},{"taxonomy":"product_tag","embeddable":true,"href":"https:\/\/www.adisart.com\/tienda\/wp-json\/wp\/v2\/product_tag?post=1878"}],"curies":[{"name":"wp","href":"https:\/\/api.w.org\/{rel}","templated":true}]}}