{"id":3393,"date":"2016-12-23T11:55:16","date_gmt":"2016-12-23T09:55:16","guid":{"rendered":"http:\/\/www.adisart.com\/tienda\/?post_type=product&#038;p=3393"},"modified":"2023-01-09T10:07:52","modified_gmt":"2023-01-09T08:07:52","slug":"jarra-vikings","status":"publish","type":"product","link":"https:\/\/www.adisart.com\/tienda\/jarra-vikings\/","title":{"rendered":"Jarra Vikings"},"content":{"rendered":"<p><img loading=\"lazy\" class=\"aligncenter size-medium wp-image-3398\" src=\"http:\/\/www.adisart.com\/tienda\/wp-content\/uploads\/2016\/12\/IMG_20161223_103256-168x300.jpg\" alt=\"img_20161223_103256\" width=\"168\" height=\"300\" srcset=\"https:\/\/www.adisart.com\/tienda\/wp-content\/uploads\/2016\/12\/IMG_20161223_103256-168x300.jpg 168w, https:\/\/www.adisart.com\/tienda\/wp-content\/uploads\/2016\/12\/IMG_20161223_103256.jpg 449w\" sizes=\"(max-width: 168px) 100vw, 168px\" \/><img loading=\"lazy\" class=\"aligncenter size-medium wp-image-3397\" src=\"http:\/\/www.adisart.com\/tienda\/wp-content\/uploads\/2016\/12\/IMG_20161223_101020-168x300.jpg\" alt=\"img_20161223_101020\" width=\"168\" height=\"300\" srcset=\"https:\/\/www.adisart.com\/tienda\/wp-content\/uploads\/2016\/12\/IMG_20161223_101020-168x300.jpg 168w, https:\/\/www.adisart.com\/tienda\/wp-content\/uploads\/2016\/12\/IMG_20161223_101020.jpg 449w\" sizes=\"(max-width: 168px) 100vw, 168px\" \/><img loading=\"lazy\" class=\"aligncenter size-medium wp-image-3396\" src=\"http:\/\/www.adisart.com\/tienda\/wp-content\/uploads\/2016\/12\/IMG_20161223_100646-168x300.jpg\" alt=\"img_20161223_100646\" width=\"168\" height=\"300\" srcset=\"https:\/\/www.adisart.com\/tienda\/wp-content\/uploads\/2016\/12\/IMG_20161223_100646-168x300.jpg 168w, https:\/\/www.adisart.com\/tienda\/wp-content\/uploads\/2016\/12\/IMG_20161223_100646.jpg 449w\" sizes=\"(max-width: 168px) 100vw, 168px\" \/><img loading=\"lazy\" class=\"aligncenter size-medium wp-image-3395\" src=\"http:\/\/www.adisart.com\/tienda\/wp-content\/uploads\/2016\/12\/IMG_20161223_100606-168x300.jpg\" alt=\"img_20161223_100606\" width=\"168\" height=\"300\" srcset=\"https:\/\/www.adisart.com\/tienda\/wp-content\/uploads\/2016\/12\/IMG_20161223_100606-168x300.jpg 168w, https:\/\/www.adisart.com\/tienda\/wp-content\/uploads\/2016\/12\/IMG_20161223_100606.jpg 449w\" sizes=\"(max-width: 168px) 100vw, 168px\" \/><img loading=\"lazy\" class=\"aligncenter size-medium wp-image-3394\" src=\"http:\/\/www.adisart.com\/tienda\/wp-content\/uploads\/2016\/12\/frontal-168x300.jpg\" alt=\"frontal\" width=\"168\" height=\"300\" srcset=\"https:\/\/www.adisart.com\/tienda\/wp-content\/uploads\/2016\/12\/frontal-168x300.jpg 168w, https:\/\/www.adisart.com\/tienda\/wp-content\/uploads\/2016\/12\/frontal.jpg 449w\" sizes=\"(max-width: 168px) 100vw, 168px\" \/><\/p>\n","protected":false},"excerpt":{"rendered":"<p>Jarra de madera con interior cer\u00e1mico. Trabajo artesanal \u00edntegramente realizado en nuestros talleres. Tiene una capacidad de 450ml y una altura de 17 cms. El logo de vikings va grabado en una placa de zink . Las arandelas que refuerzan la madera tambi\u00e9n son de zink y se pueden personalizar con las runas \u00a0o letras que quer\u00e1is. Pod\u00e9is ponerme lo que quer\u00e9is que grabe en el apartado de notas . El limite son 2 lineas de 18 runas cada una. El plazo de entrega suele ser 3\/4 semanas<\/p>\n","protected":false},"featured_media":3394,"comment_status":"open","ping_status":"closed","template":"","meta":[],"product_cat":[631],"product_tag":[],"yoast_head":"<!-- This site is optimized with the Yoast SEO plugin v17.2.1 - https:\/\/yoast.com\/wordpress\/plugins\/seo\/ -->\n<title>Jarra Vikings - ADISART<\/title>\n<meta name=\"description\" content=\"Jarra de madera con interior cer\u00e1mico. Trabajo artesanal \u00edntegramente realizado en nuestros talleres. Tiene una capacidad de 450ml y una altura de 17 cms. El logo de vikings va grabado en una placa de zink . Las arandelas que refuerzan la madera tambi\u00e9n son de zink y se pueden personalizar con las runas \u00a0o letras que quer\u00e1is. Pod\u00e9is ponerme lo que quer\u00e9is que grabe en el apartado de notas . El limite son 2 lineas de 18 runas cada una. El plazo de entrega suele ser 3\/4 semanas\" \/>\n<meta name=\"robots\" content=\"index, follow, max-snippet:-1, max-image-preview:large, max-video-preview:-1\" \/>\n<link rel=\"canonical\" href=\"https:\/\/www.adisart.com\/tienda\/jarra-vikings\/\" \/>\n<meta property=\"og:locale\" content=\"es_ES\" \/>\n<meta property=\"og:type\" content=\"article\" \/>\n<meta property=\"og:title\" content=\"Jarra Vikings - ADISART\" \/>\n<meta property=\"og:description\" content=\"Jarra de madera con interior cer\u00e1mico. Trabajo artesanal \u00edntegramente realizado en nuestros talleres. Tiene una capacidad de 450ml y una altura de 17 cms. El logo de vikings va grabado en una placa de zink . Las arandelas que refuerzan la madera tambi\u00e9n son de zink y se pueden personalizar con las runas \u00a0o letras que quer\u00e1is. Pod\u00e9is ponerme lo que quer\u00e9is que grabe en el apartado de notas . El limite son 2 lineas de 18 runas cada una. El plazo de entrega suele ser 3\/4 semanas\" \/>\n<meta property=\"og:url\" content=\"https:\/\/www.adisart.com\/tienda\/jarra-vikings\/\" \/>\n<meta property=\"og:site_name\" content=\"ADISART\" \/>\n<meta property=\"article:modified_time\" content=\"2023-01-09T08:07:52+00:00\" \/>\n<meta property=\"og:image\" content=\"https:\/\/www.adisart.com\/tienda\/wp-content\/uploads\/2016\/12\/frontal.jpg\" \/>\n\t<meta property=\"og:image:width\" content=\"449\" \/>\n\t<meta property=\"og:image:height\" content=\"800\" \/>\n<meta name=\"twitter:card\" content=\"summary\" \/>\n<script type=\"application\/ld+json\" class=\"yoast-schema-graph\">{\"@context\":\"https:\/\/schema.org\",\"@graph\":[{\"@type\":\"WebSite\",\"@id\":\"https:\/\/www.adisart.com\/tienda\/#website\",\"url\":\"https:\/\/www.adisart.com\/tienda\/\",\"name\":\"ADISART\",\"description\":\"Creaciones art\\u00edsticas\",\"potentialAction\":[{\"@type\":\"SearchAction\",\"target\":{\"@type\":\"EntryPoint\",\"urlTemplate\":\"https:\/\/www.adisart.com\/tienda\/?s={search_term_string}\"},\"query-input\":\"required name=search_term_string\"}],\"inLanguage\":\"es\"},{\"@type\":\"ImageObject\",\"@id\":\"https:\/\/www.adisart.com\/tienda\/jarra-vikings\/#primaryimage\",\"inLanguage\":\"es\",\"url\":\"https:\/\/www.adisart.com\/tienda\/wp-content\/uploads\/2016\/12\/frontal.jpg\",\"contentUrl\":\"https:\/\/www.adisart.com\/tienda\/wp-content\/uploads\/2016\/12\/frontal.jpg\",\"width\":449,\"height\":800},{\"@type\":\"WebPage\",\"@id\":\"https:\/\/www.adisart.com\/tienda\/jarra-vikings\/#webpage\",\"url\":\"https:\/\/www.adisart.com\/tienda\/jarra-vikings\/\",\"name\":\"Jarra Vikings - ADISART\",\"isPartOf\":{\"@id\":\"https:\/\/www.adisart.com\/tienda\/#website\"},\"primaryImageOfPage\":{\"@id\":\"https:\/\/www.adisart.com\/tienda\/jarra-vikings\/#primaryimage\"},\"datePublished\":\"2016-12-23T09:55:16+00:00\",\"dateModified\":\"2023-01-09T08:07:52+00:00\",\"description\":\"Jarra de madera con interior cer\\u00e1mico. Trabajo artesanal \\u00edntegramente realizado en nuestros talleres. Tiene una capacidad de 450ml y una altura de 17 cms. El logo de vikings va grabado en una placa de zink . Las arandelas que refuerzan la madera tambi\\u00e9n son de zink y se pueden personalizar con las runas \\u00a0o letras que quer\\u00e1is. Pod\\u00e9is ponerme lo que quer\\u00e9is que grabe en el apartado de notas . El limite son 2 lineas de 18 runas cada una. El plazo de entrega suele ser 3\/4 semanas\",\"breadcrumb\":{\"@id\":\"https:\/\/www.adisart.com\/tienda\/jarra-vikings\/#breadcrumb\"},\"inLanguage\":\"es\",\"potentialAction\":[{\"@type\":\"ReadAction\",\"target\":[\"https:\/\/www.adisart.com\/tienda\/jarra-vikings\/\"]}]},{\"@type\":\"BreadcrumbList\",\"@id\":\"https:\/\/www.adisart.com\/tienda\/jarra-vikings\/#breadcrumb\",\"itemListElement\":[{\"@type\":\"ListItem\",\"position\":1,\"name\":\"Inicio\",\"item\":\"https:\/\/www.adisart.com\/tienda\/\"},{\"@type\":\"ListItem\",\"position\":2,\"name\":\"Tienda\",\"item\":\"https:\/\/www.adisart.com\/tienda\/\"},{\"@type\":\"ListItem\",\"position\":3,\"name\":\"Jarra Vikings\"}]}]}<\/script>\n<!-- \/ Yoast SEO plugin. -->","yoast_head_json":{"title":"Jarra Vikings - ADISART","description":"Jarra de madera con interior cer\u00e1mico. Trabajo artesanal \u00edntegramente realizado en nuestros talleres. Tiene una capacidad de 450ml y una altura de 17 cms. El logo de vikings va grabado en una placa de zink . Las arandelas que refuerzan la madera tambi\u00e9n son de zink y se pueden personalizar con las runas \u00a0o letras que quer\u00e1is. Pod\u00e9is ponerme lo que quer\u00e9is que grabe en el apartado de notas . El limite son 2 lineas de 18 runas cada una. El plazo de entrega suele ser 3\/4 semanas","robots":{"index":"index","follow":"follow","max-snippet":"max-snippet:-1","max-image-preview":"max-image-preview:large","max-video-preview":"max-video-preview:-1"},"canonical":"https:\/\/www.adisart.com\/tienda\/jarra-vikings\/","og_locale":"es_ES","og_type":"article","og_title":"Jarra Vikings - ADISART","og_description":"Jarra de madera con interior cer\u00e1mico. Trabajo artesanal \u00edntegramente realizado en nuestros talleres. Tiene una capacidad de 450ml y una altura de 17 cms. El logo de vikings va grabado en una placa de zink . Las arandelas que refuerzan la madera tambi\u00e9n son de zink y se pueden personalizar con las runas \u00a0o letras que quer\u00e1is. Pod\u00e9is ponerme lo que quer\u00e9is que grabe en el apartado de notas . El limite son 2 lineas de 18 runas cada una. El plazo de entrega suele ser 3\/4 semanas","og_url":"https:\/\/www.adisart.com\/tienda\/jarra-vikings\/","og_site_name":"ADISART","article_modified_time":"2023-01-09T08:07:52+00:00","og_image":[{"width":449,"height":800,"url":"https:\/\/www.adisart.com\/tienda\/wp-content\/uploads\/2016\/12\/frontal.jpg","path":"\/home\/adisart.com\/public_html\/tienda\/wp-content\/uploads\/2016\/12\/frontal.jpg","size":"full","id":3394,"alt":"","pixels":359200,"type":"image\/jpeg"}],"twitter_card":"summary","schema":{"@context":"https:\/\/schema.org","@graph":[{"@type":"WebSite","@id":"https:\/\/www.adisart.com\/tienda\/#website","url":"https:\/\/www.adisart.com\/tienda\/","name":"ADISART","description":"Creaciones art\u00edsticas","potentialAction":[{"@type":"SearchAction","target":{"@type":"EntryPoint","urlTemplate":"https:\/\/www.adisart.com\/tienda\/?s={search_term_string}"},"query-input":"required name=search_term_string"}],"inLanguage":"es"},{"@type":"ImageObject","@id":"https:\/\/www.adisart.com\/tienda\/jarra-vikings\/#primaryimage","inLanguage":"es","url":"https:\/\/www.adisart.com\/tienda\/wp-content\/uploads\/2016\/12\/frontal.jpg","contentUrl":"https:\/\/www.adisart.com\/tienda\/wp-content\/uploads\/2016\/12\/frontal.jpg","width":449,"height":800},{"@type":"WebPage","@id":"https:\/\/www.adisart.com\/tienda\/jarra-vikings\/#webpage","url":"https:\/\/www.adisart.com\/tienda\/jarra-vikings\/","name":"Jarra Vikings - ADISART","isPartOf":{"@id":"https:\/\/www.adisart.com\/tienda\/#website"},"primaryImageOfPage":{"@id":"https:\/\/www.adisart.com\/tienda\/jarra-vikings\/#primaryimage"},"datePublished":"2016-12-23T09:55:16+00:00","dateModified":"2023-01-09T08:07:52+00:00","description":"Jarra de madera con interior cer\u00e1mico. Trabajo artesanal \u00edntegramente realizado en nuestros talleres. Tiene una capacidad de 450ml y una altura de 17 cms. El logo de vikings va grabado en una placa de zink . Las arandelas que refuerzan la madera tambi\u00e9n son de zink y se pueden personalizar con las runas \u00a0o letras que quer\u00e1is. Pod\u00e9is ponerme lo que quer\u00e9is que grabe en el apartado de notas . El limite son 2 lineas de 18 runas cada una. El plazo de entrega suele ser 3\/4 semanas","breadcrumb":{"@id":"https:\/\/www.adisart.com\/tienda\/jarra-vikings\/#breadcrumb"},"inLanguage":"es","potentialAction":[{"@type":"ReadAction","target":["https:\/\/www.adisart.com\/tienda\/jarra-vikings\/"]}]},{"@type":"BreadcrumbList","@id":"https:\/\/www.adisart.com\/tienda\/jarra-vikings\/#breadcrumb","itemListElement":[{"@type":"ListItem","position":1,"name":"Inicio","item":"https:\/\/www.adisart.com\/tienda\/"},{"@type":"ListItem","position":2,"name":"Tienda","item":"https:\/\/www.adisart.com\/tienda\/"},{"@type":"ListItem","position":3,"name":"Jarra Vikings"}]}]}},"_links":{"self":[{"href":"https:\/\/www.adisart.com\/tienda\/wp-json\/wp\/v2\/product\/3393"}],"collection":[{"href":"https:\/\/www.adisart.com\/tienda\/wp-json\/wp\/v2\/product"}],"about":[{"href":"https:\/\/www.adisart.com\/tienda\/wp-json\/wp\/v2\/types\/product"}],"replies":[{"embeddable":true,"href":"https:\/\/www.adisart.com\/tienda\/wp-json\/wp\/v2\/comments?post=3393"}],"wp:featuredmedia":[{"embeddable":true,"href":"https:\/\/www.adisart.com\/tienda\/wp-json\/wp\/v2\/media\/3394"}],"wp:attachment":[{"href":"https:\/\/www.adisart.com\/tienda\/wp-json\/wp\/v2\/media?parent=3393"}],"wp:term":[{"taxonomy":"product_cat","embeddable":true,"href":"https:\/\/www.adisart.com\/tienda\/wp-json\/wp\/v2\/product_cat?post=3393"},{"taxonomy":"product_tag","embeddable":true,"href":"https:\/\/www.adisart.com\/tienda\/wp-json\/wp\/v2\/product_tag?post=3393"}],"curies":[{"name":"wp","href":"https:\/\/api.w.org\/{rel}","templated":true}]}}