{"id":4832,"date":"2022-04-05T09:19:45","date_gmt":"2022-04-05T07:19:45","guid":{"rendered":"https:\/\/www.adisart.com\/tienda\/?post_type=product&#038;p=4832"},"modified":"2022-04-05T09:22:12","modified_gmt":"2022-04-05T07:22:12","slug":"colgante-oath","status":"publish","type":"product","link":"https:\/\/www.adisart.com\/tienda\/colgante-oath\/","title":{"rendered":"Colgante OATH"},"content":{"rendered":"<p><img loading=\"lazy\" class=\"aligncenter size-medium wp-image-4833\" src=\"https:\/\/www.adisart.com\/tienda\/wp-content\/uploads\/2022\/04\/COLGANTE-RUNA-AMOR-198x300.jpg\" alt=\"\" width=\"198\" height=\"300\" srcset=\"https:\/\/www.adisart.com\/tienda\/wp-content\/uploads\/2022\/04\/COLGANTE-RUNA-AMOR-198x300.jpg 198w, https:\/\/www.adisart.com\/tienda\/wp-content\/uploads\/2022\/04\/COLGANTE-RUNA-AMOR-676x1024.jpg 676w, https:\/\/www.adisart.com\/tienda\/wp-content\/uploads\/2022\/04\/COLGANTE-RUNA-AMOR-768x1163.jpg 768w, https:\/\/www.adisart.com\/tienda\/wp-content\/uploads\/2022\/04\/COLGANTE-RUNA-AMOR-1014x1536.jpg 1014w, https:\/\/www.adisart.com\/tienda\/wp-content\/uploads\/2022\/04\/COLGANTE-RUNA-AMOR-600x909.jpg 600w, https:\/\/www.adisart.com\/tienda\/wp-content\/uploads\/2022\/04\/COLGANTE-RUNA-AMOR.jpg 1321w\" sizes=\"(max-width: 198px) 100vw, 198px\" \/><\/p>\n","protected":false},"excerpt":{"rendered":"<p>Colgante de zamak de 7 cms de altura.\u00a0 Est\u00e1 inspirado en una inscripci\u00f3n encontrada en un fiordo noruego: Recu\u00e9rdame, yo te recordar\u00e9. \u00c1mame, yo te amar\u00e9. Pensamos que fue el juramento de amor de un\/a vikingo\/a a su pareja antes de partir en su drakkar. En el centro hemos colocado la bindrune s\u00edmbolo del Amor eterno.<\/p>\n","protected":false},"featured_media":4833,"comment_status":"open","ping_status":"closed","template":"","meta":[],"product_cat":[628],"product_tag":[594,400,489],"yoast_head":"<!-- This site is optimized with the Yoast SEO plugin v17.2.1 - https:\/\/yoast.com\/wordpress\/plugins\/seo\/ -->\n<title>Colgante OATH - ADISART<\/title>\n<meta name=\"description\" content=\"Colgante de zamak de 7 cms de altura.\u00a0 Est\u00e1 inspirado en una inscripci\u00f3n encontrada en un fiordo noruego: Recu\u00e9rdame, yo te recordar\u00e9. \u00c1mame, yo te amar\u00e9. Pensamos que fue el juramento de amor de un\/a vikingo\/a a su pareja antes de partir en su drakkar. En el centro hemos colocado la bindrune s\u00edmbolo del Amor eterno.\" \/>\n<meta name=\"robots\" content=\"index, follow, max-snippet:-1, max-image-preview:large, max-video-preview:-1\" \/>\n<link rel=\"canonical\" href=\"https:\/\/www.adisart.com\/tienda\/colgante-oath\/\" \/>\n<meta property=\"og:locale\" content=\"es_ES\" \/>\n<meta property=\"og:type\" content=\"article\" \/>\n<meta property=\"og:title\" content=\"Colgante OATH - ADISART\" \/>\n<meta property=\"og:description\" content=\"Colgante de zamak de 7 cms de altura.\u00a0 Est\u00e1 inspirado en una inscripci\u00f3n encontrada en un fiordo noruego: Recu\u00e9rdame, yo te recordar\u00e9. \u00c1mame, yo te amar\u00e9. Pensamos que fue el juramento de amor de un\/a vikingo\/a a su pareja antes de partir en su drakkar. En el centro hemos colocado la bindrune s\u00edmbolo del Amor eterno.\" \/>\n<meta property=\"og:url\" content=\"https:\/\/www.adisart.com\/tienda\/colgante-oath\/\" \/>\n<meta property=\"og:site_name\" content=\"ADISART\" \/>\n<meta property=\"article:modified_time\" content=\"2022-04-05T07:22:12+00:00\" \/>\n<meta property=\"og:image\" content=\"https:\/\/www.adisart.com\/tienda\/wp-content\/uploads\/2022\/04\/COLGANTE-RUNA-AMOR.jpg\" \/>\n\t<meta property=\"og:image:width\" content=\"1321\" \/>\n\t<meta property=\"og:image:height\" content=\"2001\" \/>\n<meta name=\"twitter:card\" content=\"summary\" \/>\n<meta name=\"twitter:label1\" content=\"Tiempo de lectura\" \/>\n\t<meta name=\"twitter:data1\" content=\"1 minuto\" \/>\n<script type=\"application\/ld+json\" class=\"yoast-schema-graph\">{\"@context\":\"https:\/\/schema.org\",\"@graph\":[{\"@type\":\"WebSite\",\"@id\":\"https:\/\/www.adisart.com\/tienda\/#website\",\"url\":\"https:\/\/www.adisart.com\/tienda\/\",\"name\":\"ADISART\",\"description\":\"Creaciones art\\u00edsticas\",\"potentialAction\":[{\"@type\":\"SearchAction\",\"target\":{\"@type\":\"EntryPoint\",\"urlTemplate\":\"https:\/\/www.adisart.com\/tienda\/?s={search_term_string}\"},\"query-input\":\"required name=search_term_string\"}],\"inLanguage\":\"es\"},{\"@type\":\"ImageObject\",\"@id\":\"https:\/\/www.adisart.com\/tienda\/colgante-oath\/#primaryimage\",\"inLanguage\":\"es\",\"url\":\"https:\/\/www.adisart.com\/tienda\/wp-content\/uploads\/2022\/04\/COLGANTE-RUNA-AMOR.jpg\",\"contentUrl\":\"https:\/\/www.adisart.com\/tienda\/wp-content\/uploads\/2022\/04\/COLGANTE-RUNA-AMOR.jpg\",\"width\":1321,\"height\":2001},{\"@type\":\"WebPage\",\"@id\":\"https:\/\/www.adisart.com\/tienda\/colgante-oath\/#webpage\",\"url\":\"https:\/\/www.adisart.com\/tienda\/colgante-oath\/\",\"name\":\"Colgante OATH - ADISART\",\"isPartOf\":{\"@id\":\"https:\/\/www.adisart.com\/tienda\/#website\"},\"primaryImageOfPage\":{\"@id\":\"https:\/\/www.adisart.com\/tienda\/colgante-oath\/#primaryimage\"},\"datePublished\":\"2022-04-05T07:19:45+00:00\",\"dateModified\":\"2022-04-05T07:22:12+00:00\",\"description\":\"Colgante de zamak de 7 cms de altura.\\u00a0 Est\\u00e1 inspirado en una inscripci\\u00f3n encontrada en un fiordo noruego: Recu\\u00e9rdame, yo te recordar\\u00e9. \\u00c1mame, yo te amar\\u00e9. Pensamos que fue el juramento de amor de un\/a vikingo\/a a su pareja antes de partir en su drakkar. En el centro hemos colocado la bindrune s\\u00edmbolo del Amor eterno.\",\"breadcrumb\":{\"@id\":\"https:\/\/www.adisart.com\/tienda\/colgante-oath\/#breadcrumb\"},\"inLanguage\":\"es\",\"potentialAction\":[{\"@type\":\"ReadAction\",\"target\":[\"https:\/\/www.adisart.com\/tienda\/colgante-oath\/\"]}]},{\"@type\":\"BreadcrumbList\",\"@id\":\"https:\/\/www.adisart.com\/tienda\/colgante-oath\/#breadcrumb\",\"itemListElement\":[{\"@type\":\"ListItem\",\"position\":1,\"name\":\"Inicio\",\"item\":\"https:\/\/www.adisart.com\/tienda\/\"},{\"@type\":\"ListItem\",\"position\":2,\"name\":\"Tienda\",\"item\":\"https:\/\/www.adisart.com\/tienda\/\"},{\"@type\":\"ListItem\",\"position\":3,\"name\":\"Colgante OATH\"}]}]}<\/script>\n<!-- \/ Yoast SEO plugin. -->","yoast_head_json":{"title":"Colgante OATH - ADISART","description":"Colgante de zamak de 7 cms de altura.\u00a0 Est\u00e1 inspirado en una inscripci\u00f3n encontrada en un fiordo noruego: Recu\u00e9rdame, yo te recordar\u00e9. \u00c1mame, yo te amar\u00e9. Pensamos que fue el juramento de amor de un\/a vikingo\/a a su pareja antes de partir en su drakkar. En el centro hemos colocado la bindrune s\u00edmbolo del Amor eterno.","robots":{"index":"index","follow":"follow","max-snippet":"max-snippet:-1","max-image-preview":"max-image-preview:large","max-video-preview":"max-video-preview:-1"},"canonical":"https:\/\/www.adisart.com\/tienda\/colgante-oath\/","og_locale":"es_ES","og_type":"article","og_title":"Colgante OATH - ADISART","og_description":"Colgante de zamak de 7 cms de altura.\u00a0 Est\u00e1 inspirado en una inscripci\u00f3n encontrada en un fiordo noruego: Recu\u00e9rdame, yo te recordar\u00e9. \u00c1mame, yo te amar\u00e9. Pensamos que fue el juramento de amor de un\/a vikingo\/a a su pareja antes de partir en su drakkar. En el centro hemos colocado la bindrune s\u00edmbolo del Amor eterno.","og_url":"https:\/\/www.adisart.com\/tienda\/colgante-oath\/","og_site_name":"ADISART","article_modified_time":"2022-04-05T07:22:12+00:00","og_image":[{"width":1321,"height":2001,"url":"https:\/\/www.adisart.com\/tienda\/wp-content\/uploads\/2022\/04\/COLGANTE-RUNA-AMOR.jpg","path":"\/home\/adisart.com\/public_html\/tienda\/wp-content\/uploads\/2022\/04\/COLGANTE-RUNA-AMOR.jpg","size":"full","id":4833,"alt":"","pixels":2643321,"type":"image\/jpeg"}],"twitter_card":"summary","twitter_misc":{"Tiempo de lectura":"1 minuto"},"schema":{"@context":"https:\/\/schema.org","@graph":[{"@type":"WebSite","@id":"https:\/\/www.adisart.com\/tienda\/#website","url":"https:\/\/www.adisart.com\/tienda\/","name":"ADISART","description":"Creaciones art\u00edsticas","potentialAction":[{"@type":"SearchAction","target":{"@type":"EntryPoint","urlTemplate":"https:\/\/www.adisart.com\/tienda\/?s={search_term_string}"},"query-input":"required name=search_term_string"}],"inLanguage":"es"},{"@type":"ImageObject","@id":"https:\/\/www.adisart.com\/tienda\/colgante-oath\/#primaryimage","inLanguage":"es","url":"https:\/\/www.adisart.com\/tienda\/wp-content\/uploads\/2022\/04\/COLGANTE-RUNA-AMOR.jpg","contentUrl":"https:\/\/www.adisart.com\/tienda\/wp-content\/uploads\/2022\/04\/COLGANTE-RUNA-AMOR.jpg","width":1321,"height":2001},{"@type":"WebPage","@id":"https:\/\/www.adisart.com\/tienda\/colgante-oath\/#webpage","url":"https:\/\/www.adisart.com\/tienda\/colgante-oath\/","name":"Colgante OATH - ADISART","isPartOf":{"@id":"https:\/\/www.adisart.com\/tienda\/#website"},"primaryImageOfPage":{"@id":"https:\/\/www.adisart.com\/tienda\/colgante-oath\/#primaryimage"},"datePublished":"2022-04-05T07:19:45+00:00","dateModified":"2022-04-05T07:22:12+00:00","description":"Colgante de zamak de 7 cms de altura.\u00a0 Est\u00e1 inspirado en una inscripci\u00f3n encontrada en un fiordo noruego: Recu\u00e9rdame, yo te recordar\u00e9. \u00c1mame, yo te amar\u00e9. Pensamos que fue el juramento de amor de un\/a vikingo\/a a su pareja antes de partir en su drakkar. En el centro hemos colocado la bindrune s\u00edmbolo del Amor eterno.","breadcrumb":{"@id":"https:\/\/www.adisart.com\/tienda\/colgante-oath\/#breadcrumb"},"inLanguage":"es","potentialAction":[{"@type":"ReadAction","target":["https:\/\/www.adisart.com\/tienda\/colgante-oath\/"]}]},{"@type":"BreadcrumbList","@id":"https:\/\/www.adisart.com\/tienda\/colgante-oath\/#breadcrumb","itemListElement":[{"@type":"ListItem","position":1,"name":"Inicio","item":"https:\/\/www.adisart.com\/tienda\/"},{"@type":"ListItem","position":2,"name":"Tienda","item":"https:\/\/www.adisart.com\/tienda\/"},{"@type":"ListItem","position":3,"name":"Colgante OATH"}]}]}},"_links":{"self":[{"href":"https:\/\/www.adisart.com\/tienda\/wp-json\/wp\/v2\/product\/4832"}],"collection":[{"href":"https:\/\/www.adisart.com\/tienda\/wp-json\/wp\/v2\/product"}],"about":[{"href":"https:\/\/www.adisart.com\/tienda\/wp-json\/wp\/v2\/types\/product"}],"replies":[{"embeddable":true,"href":"https:\/\/www.adisart.com\/tienda\/wp-json\/wp\/v2\/comments?post=4832"}],"wp:featuredmedia":[{"embeddable":true,"href":"https:\/\/www.adisart.com\/tienda\/wp-json\/wp\/v2\/media\/4833"}],"wp:attachment":[{"href":"https:\/\/www.adisart.com\/tienda\/wp-json\/wp\/v2\/media?parent=4832"}],"wp:term":[{"taxonomy":"product_cat","embeddable":true,"href":"https:\/\/www.adisart.com\/tienda\/wp-json\/wp\/v2\/product_cat?post=4832"},{"taxonomy":"product_tag","embeddable":true,"href":"https:\/\/www.adisart.com\/tienda\/wp-json\/wp\/v2\/product_tag?post=4832"}],"curies":[{"name":"wp","href":"https:\/\/api.w.org\/{rel}","templated":true}]}}